e
Is 27696067 composite?
True
Is 86056231 composite?
True
Is 306811 a prime number?
False
Is 8012827 a prime number?
False
Is 1111967 composite?
False
Is 734803 prime?
True
Is 33580307 a prime number?
False
Is 15669817 a composite number?
True
Is 99905843 a composite number?
True
Is 25443031 prime?
False
Is 5094871 prime?
True
Is 2887511 a composite number?
True
Is 476651597 composite?
False
Is 423221 composite?
False
Is 2353933 composite?
True
Is 748606273 a prime number?
True
Is 132580127 a prime number?
False
Is 4221263 composite?
False
Is 45892415 composite?
True
Is 198808999 prime?
False
Is 15814277 a prime number?
False
Is 29892803 a prime number?
True
Is 13973459 composite?
True
Is 13520207 a prime number?
False
Is 30842213 a composite number?
False
Is 6304037 prime?
False
Is 8377949 prime?
True
Is 7106657 prime?
False
Is 4280843 a composite number?
True
Is 1038193 a composite number?
True
Is 470390281 composite?
False
Is 710950543 a prime number?
True
Is 7844521 a composite number?
False
Is 38207966 prime?
False
Is 302011 composite?
True
Is 1108957 a prime number?
True
Is 119131657 composite?
True
Is 415755493 composite?
False
Is 290663441 prime?
False
Is 4947326 a prime number?
False
Is 188343041 a prime number?
True
Is 683651 composite?
False
Is 25007183 prime?
True
Is 9038467 prime?
True
Is 27268739 a composite number?
True
Is 63012473 prime?
True
Is 48200347 a composite number?
True
Is 1695171 a prime number?
False
Is 12484226 a prime number?
False
Is 118886489 composite?
True
Is 4501771 a prime number?
False
Is 929417 prime?
True
Is 14442599 a prime number?
True
Is 33588883 composite?
False
Is 41321081 a prime number?
True
Is 18007663 prime?
True
Is 67945879 a prime number?
False
Is 8698021 a prime number?
False
Is 148361 a composite number?
False
Is 594962779 a composite number?
False
Is 2534113 prime?
False
Is 2356037 a composite number?
True
Is 368359 composite?
False
Is 13212413 prime?
True
Is 494069 prime?
True
Is 18209591 composite?
True
Is 194154647 a prime number?
True
Is 406912457 a prime number?
False
Is 293694395 composite?
True
Is 2742277 prime?
True
Is 37997207 prime?
False
Is 214214563 composite?
False
Is 5428807 a composite number?
False
Is 44128571 a composite number?
False
Is 1723229 composite?
True
Is 34207157 composite?
False
Is 232145569 prime?
True
Is 120892997 a prime number?
False
Is 63558023 a composite number?
False
Is 6463337 a prime number?
True
Is 25081049 composite?
True
Is 87863309 composite?
False
Is 91940633 prime?
True
Is 44114869 composite?
False
Is 200647427 a composite number?
True
Is 45139907 a prime number?
False
Is 3733957 a prime number?
False
Is 26997965 prime?
False
Is 32017369 a prime number?
True
Is 3565241 composite?
False
Is 67115095 composite?
True
Is 128545157 a composite number?
True
Is 4442261 composite?
False
Is 6703405 a prime number?
False
Is 154710593 prime?
True
Is 61818521 prime?
True
Is 1451161 prime?
True
Is 1042487 composite?
False
Is 386489 a prime number?
True
Is 7683233 a prime number?
True
Is 7858003 a composite number?
False
Is 1176509 a composite number?
False
Is 3007241 a composite number?
False
Is 916501 a prime number?
True
Is 314786941 prime?
False
Is 1734167 prime?
True
Is 16101097 a composite number?
False
Is 4597737 a prime number?
False
Is 4574513 a composite number?
True
Is 49212409 a composite number?
False
Is 16649869 prime?
False
Is 2483599 composite?
False
Is 23281709 a prime number?
False
Is 31664443 a prime number?
True
Is 30070771 composite?
False
Is 10353509 a composite number?
False
Is 41669657 prime?
True
Is 5141587 a prime number?
False
Is 2219059 composite?
False
Is 3888463 composite?
False
Is 82726253 composite?
False
Is 65206727 composite?
True
Is 624191 prime?
True
Is 15416837 a composite number?
True
Is 25105915 a prime number?
False
Is 1422591 composite?
True
Is 2845603 a composite number?
False
Is 16937617 a prime number?
True
Is 270133453 composite?
True
Is 755137 a prime number?
True
Is 11387833 prime?
False
Is 1849577 composite?
False
Is 4817669 a composite number?
False
Is 71884997 prime?
False
Is 1921417 a prime number?
True
Is 83406161 a prime number?
True
Is 204322241 composite?
False
Is 120521 a prime number?
False
Is 35701511 a composite number?
False
Is 15557977 composite?
False
Is 826473763 prime?
True
Is 9532573 composite?
True
Is 47729173 composite?
False
Is 16312421 a prime number?
True
Is 9115867 composite?
True
Is 36481897 composite?
False
Is 6550741 prime?
True
Is 586111 prime?
True
Is 1066063 a composite number?
False
Is 278591 composite?
False
Is 2990749 prime?
True
Is 6544217 a prime number?
True
Is 29919859 composite?
False
Is 13333063 a composite number?
True
Is 3310423 a prime number?
True
Is 202685726 a prime number?
False
Is 491201 a composite number?
False
Is 15749659 a composite number?
False
Is 24923663 a composite number?
False
Is 12625169 a composite number?
True
Is 1239127 composite?
False
Is 248049101 composite?
False
Is 13341183 prime?
False
Is 226338821 composite?
False
Is 5326331 prime?
True
Is 79488803 a prime number?
False
Is 37480439 a composite number?
False
Is 141037961 a prime number?
False
Is 12589447 prime?
False
Is 61659437 a prime number?
False
Is 224601019 prime?
False
Is 510313 prime?
False
Is 7966321 a prime number?
False
Is 1746389 a prime number?
True
Is 222867269 a composite number?
True
Is 51334069 a prime number?
True
Is 5988113 composite?
False
Is 1168517 composite?
True
Is 11840861 a prime number?
True
Is 3598977 composite?
True
Is 4375753 composite?
True
Is 268483937 prime?
True
Is 73231426 composite?
True
Is 26946583 a composite number?
False
Is 52587941 a prime number?
False
Is 98568761 prime?
False
Is 3121739 a prime number?
True
Is 29310263 a composite number?
False
Is 1918819 prime?
False
Is 4766509 a composite number?
True
Is 63216799 prime?
True
Is 23460119 composite?
True
Is 81690979 a composite number?
False
Is 35621921 a prime number?
True
Is 961427 a prime number?
True
Is 11223253 a prime number?
True
Is 6222999 composite?
True
Is 80947153 composite?
True
Is 11024423 prime?
False
Is 4865051 composite?
False
Is 306114839 prime?
False
Is 3233047 a prime number?
True
Is 50549753 a prime number?
False
Is 46959889 a prime number?
True
Is 10627247 composite?
False
Is 6406027 prime?
False
Is 155220421 a composite number?
True
Is 2785247 composite?
True
Is 972679 a composite number?
False
Is 156369667 a composite number?
False
Is 63882139 a prime number?
True
Is 144792577 prime?
True
Is 2988707 composite?
False
Is 1908553 a composite number?
True
Is 215539 prime?
False
Is 251702285 prime?
False
Is 124190813 a prime number?
True
Is 2032759 composite?
False
Is 4299579233 composite?
False
Is 3665287 prime?
False
Is 1375669 a prime number?
True
Is 161868659 composite?
True
Is 202935277 composite?
False
Is 265483 a composite number?
False
Is 2289827 a composite number?
True
Is 1383829 composite?
False
Is 13810253 composite?
True
Is 404420171 composite?
False
Is 78331667 a prime number?
True
Is 8476001 a composite number?
False
Is 20737063 a composite number?
False
Is 337301309 a prime number?
True
Is 18893549 a prime number?
True
Is 62254573 a composite number?
False
Is 20251183 a prime number?
True
Is 14173853 a composite number?
False
Is 1400993 prime?
False
Is 5867219 a composite number?
True
Is 987095 composite?
True
Is 32827631 prime?
False
Is 5264137 composite?
False
Is 35627561 a prime number?
False
Is 11766109 a composite number?
False
Is 145703 a prime number?
True
Is 219406333 composite?
False
Is 1379809 a prime number?
True
Is 631211 composite?
True
Is 2156677 prime?
False
Is 4088443 composite?
False
Is 218512721 composite?
True
Is 12373129 a composite number?
False
Is 1610437 a composite number?
True
Is 55138799 a composite number?
False
Is 3097261 composite?
False
Is 9845347 composite?
True
Is 88610029 a composite number?
False
Is 6349849 prime?
False
Is 504535 a prime number?
False
Is 14534255 a composite number?
True
Is 1234538 a prime number?
False
Is 3427954 composite?
True
Is 34094971 prime?
True
Is 64385463 composite?
True
Is 551652811 composite?
False
Is 2557063 prime?
True
Is 19702349 composite?
True
Is 1179173 a prime number?
True
Is 53084554 composite?
True
Is